{"id":33,"date":"2016-01-26T14:47:55","date_gmt":"2016-01-26T13:47:55","guid":{"rendered":"http:\/\/eaupotable-grandouest.fr\/?page_id=33"},"modified":"2021-05-21T10:19:34","modified_gmt":"2021-05-21T09:19:34","slug":"nous-contacter","status":"publish","type":"page","link":"https:\/\/eaupotable-grandouest.fr\/index.php\/nous-contacter\/","title":{"rendered":"Nous contacter"},"content":{"rendered":"\n<div class=\"wpcf7 no-js\" id=\"wpcf7-f55-o1\" lang=\"fr-FR\" dir=\"ltr\" data-wpcf7-id=\"55\">\n<div class=\"screen-reader-response\"><p role=\"status\" aria-live=\"polite\" aria-atomic=\"true\"><\/p> <ul><\/ul><\/div>\n<form action=\"\/index.php\/wp-json\/wp\/v2\/pages\/33#wpcf7-f55-o1\" method=\"post\" class=\"wpcf7-form init\" aria-label=\"Formulaire de contact\" novalidate=\"novalidate\" data-status=\"init\">\n<fieldset class=\"hidden-fields-container\"><input type=\"hidden\" name=\"_wpcf7\" value=\"55\" \/><input type=\"hidden\" name=\"_wpcf7_version\" value=\"6.1.5\" \/><input type=\"hidden\" name=\"_wpcf7_locale\" value=\"fr_FR\" \/><input type=\"hidden\" name=\"_wpcf7_unit_tag\" value=\"wpcf7-f55-o1\" \/><input type=\"hidden\" name=\"_wpcf7_container_post\" value=\"0\" \/><input type=\"hidden\" name=\"_wpcf7_posted_data_hash\" value=\"\" \/>\n<\/fieldset>\n<p>Votre nom (obligatoire)\n<\/p>\n<p><span class=\"wpcf7-form-control-wrap\" data-name=\"your-name\"><input size=\"40\" maxlength=\"400\" class=\"wpcf7-form-control wpcf7-text wpcf7-validates-as-required\" aria-required=\"true\" aria-invalid=\"false\" value=\"\" type=\"text\" name=\"your-name\" \/><\/span>\n<\/p>\n<p>Votre email (obligatoire)\n<\/p>\n<p><span class=\"wpcf7-form-control-wrap\" data-name=\"your-email\"><input size=\"40\" maxlength=\"400\" class=\"wpcf7-form-control wpcf7-email wpcf7-validates-as-required wpcf7-text wpcf7-validates-as-email\" aria-required=\"true\" aria-invalid=\"false\" value=\"\" type=\"email\" name=\"your-email\" \/><\/span>\n<\/p>\n<p>Sujet\n<\/p>\n<p><span class=\"wpcf7-form-control-wrap\" data-name=\"your-subject\"><input size=\"40\" maxlength=\"400\" class=\"wpcf7-form-control wpcf7-text\" aria-invalid=\"false\" value=\"\" type=\"text\" name=\"your-subject\" \/><\/span>\n<\/p>\n<p>Votre message\n<\/p>\n<p><span class=\"wpcf7-form-control-wrap\" data-name=\"your-message\"><textarea cols=\"40\" rows=\"10\" maxlength=\"2000\" class=\"wpcf7-form-control wpcf7-textarea\" aria-invalid=\"false\" name=\"your-message\"><\/textarea><\/span>\n<\/p>\n<p><input class=\"wpcf7-form-control wpcf7-submit has-spinner\" type=\"submit\" value=\"Envoyer\" \/>\n<\/p><div class=\"wpcf7-response-output\" aria-hidden=\"true\"><\/div>\n<\/form>\n<\/div>\n\n<p><strong>Notre si\u00e8ge:<\/strong><br \/>\nSMG35 Syndicat mixte de gestion de l&rsquo;approvisionnement en eau potable de l&rsquo;Ille-et-Vilaine<br \/>\n2D all\u00e9e Jacques Frimot &#8211; 35000 RENNES<br \/>\nT\u00e9l. 02 99 85 50 69<\/p>\n<p><strong>Pr\u00e9sident<\/strong>: Christophe de Balorre (pr\u00e9sident du syndicat D\u00e9partemental de l&rsquo;eau de l&rsquo;Orne)<\/p>\n<p><strong>Secr\u00e9tariat<\/strong>: SDE61<\/p>\n","protected":false},"excerpt":{"rendered":"<p>Notre si\u00e8ge: SMG35 Syndicat mixte de gestion de l&rsquo;approvisionnement en eau potable de l&rsquo;Ille-et-Vilaine 2D all\u00e9e Jacques Frimot &#8211; 35000 RENNES T\u00e9l. 02 99 85 50 69 Pr\u00e9sident: Christophe de Balorre (pr\u00e9sident du syndicat D\u00e9partemental de l&rsquo;eau de l&rsquo;Orne) Secr\u00e9tariat: SDE61<\/p>\n","protected":false},"author":1,"featured_media":0,"parent":0,"menu_order":0,"comment_status":"closed","ping_status":"closed","template":"","meta":{"footnotes":""},"class_list":["post-33","page","type-page","status-publish","hentry"],"yoast_head":"<!-- This site is optimized with the Yoast SEO plugin v27.3 - https:\/\/yoast.com\/product\/yoast-seo-wordpress\/ -->\n<title>Nous contacter -<\/title>\n<meta name=\"robots\" content=\"index, follow, max-snippet:-1, max-image-preview:large, max-video-preview:-1\" \/>\n<link rel=\"canonical\" href=\"https:\/\/eaupotable-grandouest.fr\/index.php\/nous-contacter\/\" \/>\n<meta property=\"og:locale\" content=\"fr_FR\" \/>\n<meta property=\"og:type\" content=\"article\" \/>\n<meta property=\"og:title\" content=\"Nous contacter -\" \/>\n<meta property=\"og:description\" content=\"Notre si\u00e8ge: SMG35 Syndicat mixte de gestion de l&rsquo;approvisionnement en eau potable de l&rsquo;Ille-et-Vilaine 2D all\u00e9e Jacques Frimot &#8211; 35000 RENNES T\u00e9l. 02 99 85 50 69 Pr\u00e9sident: Christophe de Balorre (pr\u00e9sident du syndicat D\u00e9partemental de l&rsquo;eau de l&rsquo;Orne) Secr\u00e9tariat: SDE61\" \/>\n<meta property=\"og:url\" content=\"https:\/\/eaupotable-grandouest.fr\/index.php\/nous-contacter\/\" \/>\n<meta property=\"article:modified_time\" content=\"2021-05-21T09:19:34+00:00\" \/>\n<meta name=\"twitter:card\" content=\"summary_large_image\" \/>\n<meta name=\"twitter:label1\" content=\"Dur\u00e9e de lecture estim\u00e9e\" \/>\n\t<meta name=\"twitter:data1\" content=\"1 minute\" \/>\n<script type=\"application\/ld+json\" class=\"yoast-schema-graph\">{\"@context\":\"https:\\\/\\\/schema.org\",\"@graph\":[{\"@type\":\"WebPage\",\"@id\":\"https:\\\/\\\/eaupotable-grandouest.fr\\\/index.php\\\/nous-contacter\\\/\",\"url\":\"https:\\\/\\\/eaupotable-grandouest.fr\\\/index.php\\\/nous-contacter\\\/\",\"name\":\"Nous contacter -\",\"isPartOf\":{\"@id\":\"https:\\\/\\\/eaupotable-grandouest.fr\\\/#website\"},\"datePublished\":\"2016-01-26T13:47:55+00:00\",\"dateModified\":\"2021-05-21T09:19:34+00:00\",\"breadcrumb\":{\"@id\":\"https:\\\/\\\/eaupotable-grandouest.fr\\\/index.php\\\/nous-contacter\\\/#breadcrumb\"},\"inLanguage\":\"fr-FR\",\"potentialAction\":[{\"@type\":\"ReadAction\",\"target\":[\"https:\\\/\\\/eaupotable-grandouest.fr\\\/index.php\\\/nous-contacter\\\/\"]}]},{\"@type\":\"BreadcrumbList\",\"@id\":\"https:\\\/\\\/eaupotable-grandouest.fr\\\/index.php\\\/nous-contacter\\\/#breadcrumb\",\"itemListElement\":[{\"@type\":\"ListItem\",\"position\":1,\"name\":\"Accueil\",\"item\":\"https:\\\/\\\/eaupotable-grandouest.fr\\\/\"},{\"@type\":\"ListItem\",\"position\":2,\"name\":\"Nous contacter\"}]},{\"@type\":\"WebSite\",\"@id\":\"https:\\\/\\\/eaupotable-grandouest.fr\\\/#website\",\"url\":\"https:\\\/\\\/eaupotable-grandouest.fr\\\/\",\"name\":\"\",\"description\":\"\",\"potentialAction\":[{\"@type\":\"SearchAction\",\"target\":{\"@type\":\"EntryPoint\",\"urlTemplate\":\"https:\\\/\\\/eaupotable-grandouest.fr\\\/?s={search_term_string}\"},\"query-input\":{\"@type\":\"PropertyValueSpecification\",\"valueRequired\":true,\"valueName\":\"search_term_string\"}}],\"inLanguage\":\"fr-FR\"}]}<\/script>\n<!-- \/ Yoast SEO plugin. -->","yoast_head_json":{"title":"Nous contacter -","robots":{"index":"index","follow":"follow","max-snippet":"max-snippet:-1","max-image-preview":"max-image-preview:large","max-video-preview":"max-video-preview:-1"},"canonical":"https:\/\/eaupotable-grandouest.fr\/index.php\/nous-contacter\/","og_locale":"fr_FR","og_type":"article","og_title":"Nous contacter -","og_description":"Notre si\u00e8ge: SMG35 Syndicat mixte de gestion de l&rsquo;approvisionnement en eau potable de l&rsquo;Ille-et-Vilaine 2D all\u00e9e Jacques Frimot &#8211; 35000 RENNES T\u00e9l. 02 99 85 50 69 Pr\u00e9sident: Christophe de Balorre (pr\u00e9sident du syndicat D\u00e9partemental de l&rsquo;eau de l&rsquo;Orne) Secr\u00e9tariat: SDE61","og_url":"https:\/\/eaupotable-grandouest.fr\/index.php\/nous-contacter\/","article_modified_time":"2021-05-21T09:19:34+00:00","twitter_card":"summary_large_image","twitter_misc":{"Dur\u00e9e de lecture estim\u00e9e":"1 minute"},"schema":{"@context":"https:\/\/schema.org","@graph":[{"@type":"WebPage","@id":"https:\/\/eaupotable-grandouest.fr\/index.php\/nous-contacter\/","url":"https:\/\/eaupotable-grandouest.fr\/index.php\/nous-contacter\/","name":"Nous contacter -","isPartOf":{"@id":"https:\/\/eaupotable-grandouest.fr\/#website"},"datePublished":"2016-01-26T13:47:55+00:00","dateModified":"2021-05-21T09:19:34+00:00","breadcrumb":{"@id":"https:\/\/eaupotable-grandouest.fr\/index.php\/nous-contacter\/#breadcrumb"},"inLanguage":"fr-FR","potentialAction":[{"@type":"ReadAction","target":["https:\/\/eaupotable-grandouest.fr\/index.php\/nous-contacter\/"]}]},{"@type":"BreadcrumbList","@id":"https:\/\/eaupotable-grandouest.fr\/index.php\/nous-contacter\/#breadcrumb","itemListElement":[{"@type":"ListItem","position":1,"name":"Accueil","item":"https:\/\/eaupotable-grandouest.fr\/"},{"@type":"ListItem","position":2,"name":"Nous contacter"}]},{"@type":"WebSite","@id":"https:\/\/eaupotable-grandouest.fr\/#website","url":"https:\/\/eaupotable-grandouest.fr\/","name":"","description":"","potentialAction":[{"@type":"SearchAction","target":{"@type":"EntryPoint","urlTemplate":"https:\/\/eaupotable-grandouest.fr\/?s={search_term_string}"},"query-input":{"@type":"PropertyValueSpecification","valueRequired":true,"valueName":"search_term_string"}}],"inLanguage":"fr-FR"}]}},"_links":{"self":[{"href":"https:\/\/eaupotable-grandouest.fr\/index.php\/wp-json\/wp\/v2\/pages\/33","targetHints":{"allow":["GET"]}}],"collection":[{"href":"https:\/\/eaupotable-grandouest.fr\/index.php\/wp-json\/wp\/v2\/pages"}],"about":[{"href":"https:\/\/eaupotable-grandouest.fr\/index.php\/wp-json\/wp\/v2\/types\/page"}],"author":[{"embeddable":true,"href":"https:\/\/eaupotable-grandouest.fr\/index.php\/wp-json\/wp\/v2\/users\/1"}],"replies":[{"embeddable":true,"href":"https:\/\/eaupotable-grandouest.fr\/index.php\/wp-json\/wp\/v2\/comments?post=33"}],"version-history":[{"count":12,"href":"https:\/\/eaupotable-grandouest.fr\/index.php\/wp-json\/wp\/v2\/pages\/33\/revisions"}],"predecessor-version":[{"id":229,"href":"https:\/\/eaupotable-grandouest.fr\/index.php\/wp-json\/wp\/v2\/pages\/33\/revisions\/229"}],"wp:attachment":[{"href":"https:\/\/eaupotable-grandouest.fr\/index.php\/wp-json\/wp\/v2\/media?parent=33"}],"curies":[{"name":"wp","href":"https:\/\/api.w.org\/{rel}","templated":true}]}}